09491.
7, 19, 202327
What are the prime factors of 382767?
3, 7, 11, 1657
What are the prime factors of 3210915?
3, 5, 23, 41, 227
List the prime factors of 12630588.
2, 3, 23, 45763
List the prime factors of 664891.
664891
List the prime factors of 19458302.
2, 17, 572303
List the prime factors of 379637.
71, 5347
What are the prime factors of 15145?
5, 13, 233
List the prime factors of 628527.
3, 53, 59, 67
What are the prime factors of 10518130?
2, 5, 7, 23, 47, 139
List the prime factors of 15479324.
2, 7, 552833
What are the prime factors of 1461813?
3, 17, 28663
What are the prime factors of 23877719?
31, 53, 14533
List the prime factors of 2031578.
2, 43, 23623
List the prime factors of 330927.
3, 47, 2347
List the prime factors of 10007504.
2, 13, 3701
List the prime factors of 273267.
3, 29, 349
List the prime factors of 15380353.
23, 29, 23059
What are the prime factors of 560423?
103, 5441
What are the prime factors of 2143221?
3, 181, 3947
List the prime factors of 692717.
692717
List the prime factors of 5721057.
3, 211891
What are the prime factors of 657190?
2, 5, 65719
What are the prime factors of 17003801?
47, 331, 1093
List the prime factors of 1181871.
3, 14591
List the prime factors of 2325245.
5, 13, 83, 431
What are the prime factors of 813427?
813427
What are the prime factors of 1264905?
3, 5, 28109
List the prime factors of 1352998.
2, 23, 67, 439
List the prime factors of 2000642.
2, 7, 142903
What are the prime factors of 146881?
7, 20983
What are the prime factors of 40133?
67, 599
List the prime factors of 75.
3, 5
What are the prime factors of 432331?
23, 18797
List the prime factors of 17472444.
2, 3, 11, 132367
List the prime factors of 5755585.
5, 11, 227, 461
List the prime factors of 641856.
2, 3, 3343
List the prime factors of 1630935.
3, 5, 4027
List the prime factors of 5079819.
3, 1693273
What are the prime factors of 7126562?
2, 43, 173, 479
What are the prime factors of 374653?
374653
What are the prime factors of 150547?
151, 997
What are the prime factors of 642269?
61, 10529
List the prime factors of 292399.
23, 12713
What are the prime factors of 480828?
2, 3, 17, 2357
List the prime factors of 794891.
61, 83, 157
List the prime factors of 1541631.
3, 7, 13, 5647
What are the prime factors of 5401160?
2, 5, 135029
What are the prime factors of 538105?
5, 107621
List the prime factors of 2788608.
2, 3, 3631
List the prime factors of 1355580.
2, 3, 5, 17, 443
What are the prime factors of 4495727?
4495727
List the prime factors of 500664.
2, 3, 23, 907
List the prime factors of 85732.
2, 21433
What are the prime factors of 124678?
2, 17, 19, 193
What are the prime factors of 199183?
409, 487
What are the prime factors of 300245?
5, 11, 53, 103
What are the prime factors of 47928?
2, 3, 1997
List the prime factors of 379820.
2, 5, 7, 2713
What are the prime factors of 40062824?
2, 5007853
List the prime factors of 1446032.
2, 7, 12911
What are the prime factors of 621322?
2, 13, 23, 1039
What are the prime factors of 244136?
2, 30517
What are the prime factors of 825432?
2, 3, 163, 211
List the prime factors of 341491.
341491
List the prime factors of 5602647.
3, 1123, 1663
List the prime factors of 469379.
469379
What are the prime factors of 2219703?
3, 43, 17207
List the prime factors of 8380233.
3, 310379
List the prime factors of 16269934.
2, 71, 114577
List the prime factors of 331043.
331043
List the prime factors of 3852300.
2, 3, 5, 12841
List the prime factors of 5438968.
2, 89, 7639
List the prime factors of 158208.
2, 3, 103
What are the prime factors of 3203218?
2, 1601609
What are the prime factors of 939409?
137, 6857
What are the prime factors of 132174?
2, 3, 7, 1049
What are the prime factors of 770798?
2, 7, 55057
What are the prime factors of 19262336?
2, 61, 2467
List the prime factors of 900880.
2, 5, 11261
List the prime factors of 1095075.
3, 5, 31, 157
What are the prime factors of 31741?
31741
List the prime factors of 171848.
2, 21481
What are the prime factors of 1246614?
2, 3, 207769
List the prime factors of 379689.
3, 67, 1889
List the prime factors of 7408507.
23, 322109
List the prime factors of 544029.
3, 41, 4423
List the prime factors of 3475655.
5, 695131
What are the prime factors of 5786726?
2, 11, 37, 7109
What are the prime factors of 16407399?
3, 5469133
What are the prime factors of 108068?
2, 27017
What are the prime factors of 1581354?
2, 3, 87853
List the prime factors of 188745.
3, 5, 12583
List the prime factors of 2027206.
2, 1013603
List the prime factors of 36590.
2, 5, 3659
What are the prime factors of 141267?
3, 7, 31
List the prime factors of 704531.
17, 41443
List the prime factors of 17570742.
2, 3, 7, 418351
What are the prime factors of 4713879?
3, 17, 5437
List the prime factors of 139009.
13, 17, 37
What are the prime factors of 93390?
2, 3, 5, 11, 283
List the prime factors of 215614.
2, 7, 15401
List the prime factors of 383588.
2, 17, 5641
List the prime factors of 2943021.
3, 41, 71, 337
List the prime factors of 330401.
163, 2027
List the prime factors of 151056.
2, 3, 1049
What are the prime factors of 174477?
3, 19, 3061
List the prime factors of 1511381.
937, 1613
List the prime factors of 242768.
2, 15173
What are the prime factors of 636307?
7, 90901
List the prime factors of 1406218.
2, 11, 41, 1559
List the prime factors of 493245.
3, 5, 97, 113
List the prime factors of 600987.
3, 200329
What are the prime factors of 53441?
53441
List the prime factors of 486291.
3, 13, 37, 337
List the prime factors of 2086962.
2, 3, 43, 8089
List the prime factors of 1319943.
3, 439981
What are the prime factors of 430994?
2, 215497
List the prime factors of 22777.
22777
List the prime factors of 685768.
2, 23, 3727
List the prime factors of 5175553.
41, 126233
List the prime factors of 449338.
2, 224669
What are the prime factors of 504547?
504547
What are the prime factors of 4791593?
487, 9839
What are the prime factors of 9416955?
3, 5, 627797
List the prime factors of 2203611.
3, 734537
List the prime factors of 11470739.
7, 1638677
List the prime factors of 11158068.
2, 3, 41, 22679
List the prime factors of 6945132.
2, 3, 449, 1289
List the prime factors of 197332.
2, 49333
What are the prime factors of 2407174?
2, 7, 11, 29
What are the prime factors of 631668?
2, 3, 52639
List the prime factors of 144716.
2, 11, 13, 23
List the prime factors of 5150768.
2, 7, 45989
List the prime factors of 72926.
2, 7, 5209
What are the prime factors of 2792653?
907, 3079
List the prime factors of 2278259.
2278259
List the prime factors of 230626.
2, 11, 953
List the prime factors of 2234208.
2, 3, 17, 37
List the prime factors of 3391749.
3, 197, 1913
List the prime factors of 40367.
37, 1091
List the prime factors of 1907583.
3, 151, 4211
What are the prime factors of 1474579?
1474579
List the prime factors of 4396344.
2, 3, 83, 2207
What are the prime factors of 453234?
2, 3, 75539
List the prime factors of 111064.
2, 13883
What are the prime factors of 8081364?
2, 3, 673447
What are the prime factors of 11997148?
2, 2999287
What are the prime factors of 2088386?
2, 1044193
List the prime factors of 648273.
3, 216091
What are the prime factors of 230729?
230729
List the prime factors of 166292.
2, 7, 5939
What are the prime factors of 8257825?
5, 330313
What are the prime factors of 68304?
2, 3, 1423
What are the prime factors of 3326383?
3326383
List the prime factors of 3622098.
2, 3, 103, 5861
List the prime factors of 9755676.
2, 3, 7, 38713
List the prime factors of 11185930.
2, 5, 7, 159799
List the prime factors of 364775.
5, 14591
What are the prime factors of 23414233?
367, 63799
What are the prime factors of 2297390?
2, 5, 229739
List the prime factors of 15466.
2, 11, 19, 37
List the prime factors of 27609250.
2, 5, 110437
What are the prime factors of 3808349?
127, 157, 191
What are the prime factors of 155119?
155119
List the prime factors of 440761.
440761
What are the prime factors of 1608684?
2, 3, 7, 11, 1741
What are the prime factors of 688291?
67, 10273
List the prime factors of 1794789.
3, 47, 4243
What are the prime factors of 1667100?
2, 3, 5, 5557
What are the prime factors of 4856151?
3, 23, 70379
What are the prime f